 + 3*x - 31. What are the prime factors of z(q)?
5, 73
Let d(g) = 333*g**2 - 6*g + 4. Let r be d(1). Let s = r + -149. What are the prime factors of s?
2, 7, 13
Let o = -2691 + 5998. Let r = o + -1570. List the prime factors of r.
3, 193
Suppose -4*j + 3*c = -55, j + 5*c + 20 = 5. Let p(u) = 34 + j*u + 4 - 4*u. What are the prime factors of p(12)?
2, 5, 11
Suppose 0 = 36*v - 25*v - 116435. Suppose 0 = -3*n + p + 999 + 5346, -5*n + 5*p = -v. What are the prime factors of n?
2, 7, 151
Let h(d) = 7*d + 103. Let a be h(-15). List the prime factors of 2*a/(4/(-1119)).
3, 373
Let p be 7 - (6 - 1016 - 1). Let w = p + -555. List the prime factors of w.
463
Suppose 1575*k = 1555*k + 35780. What are the prime factors of k?
1789
Let u be (-3 - (-24)/(-4)) + 6. Let p(m) = 18*m**2 + 9*m + 3. List the prime factors of p(u).
2, 3, 23
Suppose 0*z - 5*z - 10 = -2*l, -20 = 2*z - 4*l. Suppose z = -10*x + 9*x + 712. Suppose -f + x = 3*f. What are the prime factors of f?
2, 89
Suppose 218*m - 235*m = 0. Let q = 1 - -3. Suppose -q*j - 20 = m, l + 0*l - j - 237 = 0. What are the prime factors of l?
2, 29
Let l = 1130 - -807. Suppose -3*m + l = 5*n - 79, 3*m - 810 = -2*n. What are the prime factors of n?
2, 3, 67
Let x = -114 - -116. Suppose 34 - 22 = -x*n. What are the prime factors of (-4 - 28/n)*51?
2, 17
List the prime factors of 674/(-5)*(-57 + 37).
2, 337
Let l be (91/21 + -4)*12. Suppose -2322 = -l*y + 2342. List the prime factors of y.
2, 11, 53
Suppose -2776290 = -3594*j + 3539*j. List the prime factors of j.
2, 3, 47, 179
Let f = -112 + 114. Suppose 10*o - 7*o - 5*w - 890 = 0, -f*w - 600 = -2*o. List the prime factors of o.
5, 61
Let n = 25899 - 17895. List the prime factors of n.
2, 3, 23, 29
Let v(c) = c**3 - 4*c**2 + 4. Let k be v(4). Let a(n) = -n**3 + 4*n**2 - n + 8. Let d be a(k). Suppose -96 = d*h - 256. List the prime factors of h.
2, 5
Let z = 58201 - 29711. Suppose -35*j = -0*j - z. What are the prime factors of j?
2, 11, 37
Let u = 390 - 223. Let a = -5 + u. List the prime factors of a.
2, 3
Let o(d) be the third derivative of 29*d**5/15 - 17*d**4/12 + 21*d**3/2 + 106*d**2. What are the prime factors of o(2)?
3, 17
Suppose 5*z = 1200*i - 1197*i - 31065, -9 = -3*z. What are the prime factors of i?
2, 5, 7, 37
Let h = 149 - -31. Let d = 4 + -1. What are the prime factors of (h/(-14))/(d/(-28))?
2, 3, 5
Let b = 44 - 56. Let f = 35 - b. Let v = f - 20. What are the prime factors of v?
3
Let i be 784/3 + 1/(-3). Suppose -2*t + 537 = -3*v, 2*v - 4*t = -v - 543. Let g = i + v. What are the prime factors of g?
2, 3, 7
Let c = 21734 - 9788. What are the prime factors of c?
2, 3, 11, 181
Suppose -10*c = -2*c + 1648. Let h = 562 - c. Suppose 3*r + r = 3*l + h, -5*r + 4*l = -959. List the prime factors of r.
3, 5, 13
What are the prime factors of 14 - (-333972)/(14 - 5)?
2, 3, 23, 269
Suppose -2*p - 2 + 8 = 0. Suppose 2*r + 4*q = 1 + 7, r - 4 = 2*q. Suppose r*w = p*o + 518, -4*w = -o - 317 - 205. List the prime factors of w.
131
Let a(y) be the third derivative of -1/30*y**6 + 1/20*y**5 + 0*y + 10 - 2/3*y**3 + 0*y**4 + 2*y**2. List the prime factors of a(-4).
2, 3, 5
What are the prime factors of (149 - 142)*3301/1?
7, 3301
Suppose 9*f = 5*f + 12. Suppose -2*g - f*g + 610 = 0. Suppose -2*i - 10 + g = 0. What are the prime factors of i?
2, 7
Let r(m) = 19833*m + 1309. What are the prime factors of r(1)?
2, 11, 31
Let k = 25 - 21. Suppose -2*m - 4*z = -40, -10 = m - k*m + 4*z. Suppose -m*d + 184 + 46 = 0. What are the prime factors of d?
23
Suppose 6831*l + 33573 = 6834*l. List the prime factors of l.
19, 31
Suppose -127 + 123 = -2*w. List the prime factors of -2 - (w + -483) - (3 + -4).
2, 3, 5
Suppose 0 = -5*o + 5*m + 1000, 3*o + m - 87 = 497. Let t = o + -186. List the prime factors of t.
2, 5
Let h = 2928 - -1245. What are the prime factors of h?
3, 13, 107
Let f be 4*5/(-50)*-5. Let l(w) = -f*w**3 - 3*w**2 - 73*w + 39*w + 15 + 35*w. List the prime factors of l(-5).
5, 37
Suppose 8*g - 3*g = 0. Suppose g = 3*x - 3*q - 15, 0 = -3*x - q + 5*q + 17. Let b(f) = 65*f - 12. What are the prime factors of b(x)?
3, 61
Let i(h) = 146*h + 132. Let t be i(24). Suppose -21*j = -3*j - t. List the prime factors of j.
2, 101
Let a(h) = -h + 1. Let k(v) = -4*v + 84. Let l be ((-6)/4 - -2)/((-7)/(-14)). Let n(p) = l*k(p) - 5*a(p). List the prime factors of n(0).
79
Let o(z) = -10*z**3 + 5*z**2 + 30*z - 86. List the prime factors of o(-11).
13499
Let f = -13928 + 24886. List the prime factors of f.
2, 5479
Suppose 6741 = 2*d + 3*v, -3*d = -d - 5*v - 6733. What are the prime factors of d?
3, 1123
Let u be (-2)/(5 + -3) + -290. Let h = 588 + u. List the prime factors of h.
3, 11
Let l be -1 + 54 - (-6 + (-1 - -4)). Suppose 5*x - 13*x = -l. Suppose -x*m + 4*m = -348. What are the prime factors of m?
2, 29
Let b(k) = k**3 - 10*k**2 - 11*k. Let u be b(11). Suppose -685 = -5*j - 5*c, 3*j - 2*c + 4*c - 416 = u. What are the prime factors of j?
2, 71
Suppose 0 = -4*x + 12. Let b be 6 + (7 - x/1). Suppose 8*c = b*c - 40. What are the prime factors of c?
2, 5
Let b(d) = -2*d**3 + 3*d**2 - 41*d - 114. List the prime factors of b(-5).
2, 13
Let c = 16010 - -7472. List the prime factors of c.
2, 59, 199
Let k = 46930 - 24657. What are the prime factors of k?
22273
Let d(r) = 3*r**2 - 11*r - 9. Let w(v) = -v**2 - 2*v. Let j(b) = d(b) + 5*w(b). Let c be j(-9). Suppose q - c = 10. What are the prime factors of q?
2, 7
Suppose 40730 = 3*h - 5*u, 10*u - 11*u + 5 = 0. Suppose 0 = -15*w - 4*w + h. What are the prime factors of w?
5, 11, 13
Let m(p) = 43*p - 3*p**2 + 9*p**2 - 81*p + 10 + 40*p. Let d be m(-5). Let o = d - 65. List the prime factors of o.
5, 17
Let b(a) = -11*a + 71. Let r be b(6). Suppose r*o - 25 = 0, 4*z = -2*o + 278 + 332. List the prime factors of z.
2, 3, 5
Suppose 14*f = 11*f + 9. Let d be -6*(0 + (-1)/f). Suppose -d*x + 2*p + 488 = 3*x, 3*p = -5*x + 468. What are the prime factors of x?
2, 3
Let r(h) = -110*h - 68. Let c be r(-22). Suppose c = 37*j - 33*j + 4*s, -s = 4*j - 2349. What are the prime factors of j?
587
Let t be ((-5)/(-2))/(20/48). Suppose -t*h - 63 + 153 = 0. List the prime factors of h.
3, 5
List the prime factors of ((-42)/36*-2)/(2/3192).
2, 7, 19
Let b(v) = -v**2 + 6*v - 2. Let j be b(3). Let l(o) = -2*o**2 + 24*o + j*o**2 + 4*o - 4 - 6*o**2. List the prime factors of l(20).
2, 3, 13
Let z(a) = a**2 - 2*a - 159. Let m be z(0). Let r = m - -319. List the prime factors of r/6*(-9)/(-3).
2, 5
Let v be (-6)/(2*(-9)/60). List the prime factors of (-4)/v + 2002/10.
2, 5
Suppose 24*t - 12*t = 10116. Let z = t + -263. What are the prime factors of z?
2, 5, 29
Let b(k) = k**3 + 3*k**2 - 5*k + 30. Let f be b(-5). Suppose 4*m - m - 2446 = -5*c, -f*m = -c - 4030. List the prime factors of m.
3, 269
Let k = 12792 + -6105. What are the prime factors of k?
3, 743
Let b(l) = -41*l + 1465. What are the prime factors of b(-45)?
2, 5, 331
Suppose 4*f + 5*k = 108717, 0 = -209*k + 210*k - 5. List the prime factors of f.
29, 937
List the prime factors of (-5438)/1*(19 + (-1 - 21)).
2, 3, 2719
Let p = 619 + -549. Suppose -75*y = -5*h - p*y + 2470, h + 2*y = 494. List the prime factors of h.
2, 13, 19
Let k(t) = 54*t - 33. Let p be k(-3). What are the prime factors of ((-81783)/p)/(6/20)?
2, 3, 233
What are the prime factors of 285*139608/700 + (-4)/10?
2, 5, 7, 29
Let h = -45 + 42. Let r be (5/15)/(h/81). Let i = r + 43. List the prime factors of i.
2, 17
Let d(w) be the first derivative of 4*w**3/3 - 7*w**2/2 - 26*w - 68. What are the prime factors of d(5)?
3, 13
Let o = 274 - -65. Let b = -177 + o. Suppose -y = -2*y + b. What are the prime factors of y?
2, 3
Let p(n) = -15*n - 6. Let r be p(-21). Let d be -6*23*3/(-6). Suppose 4*j - r = -d. List the prime factors of j.
2, 3, 5
Let h(l) = 20*l**2 - 12*l - 37. Let t(j) = 6*j + 15. Let z be t(-3). List the prime factors of h(z).
179
Let q(n) = 143*n + 3. Let y be q(-6). Let t = y - -1278. Suppose -g + 4*r + 67 = -0*g, 5*g - t = -2*r. What are the prime factors of g?
83
Let i(s) = 389*s + 15. Suppose -a + 2*p = -1, a + 2*p - 4 = 1. What are the prime factors of i(a)?
2, 3, 197
Suppose 0 = -69*o - 22*o - 169 - 377. Suppose -4*c + 61 = 4*r + r, -5 = -r. List the prime factors of (35 - -2)*(-3)/c*o.
2, 37
Let f = 62 - 26. Let x